he first derivative of 9*l**2/2 + 17*l + 8663. Give s(3).
44
Let n(g) = g**2 - 16*g - 43. Let z(d) = d**3 - 32*d**2 - 2*d + 64. Let v be z(32). Let p be v + (5 - -12) + (-7 - -8). Calculate n(p).
-7
Let m(w) = -2*w**3 + 2*w**2 - w - 2. Let s(r) = r**3 + 6*r**2 + 6*r + 7. Let l be s(-5). Let y be 3/1 + l - 2. Let g be (2/5)/(16/5 - y). Give m(g).
-12
Let c(v) = -v**2 - 14*v - 4. Let n(k) = -k**3 - 7*k**2 - 10. Let p be n(-7). Let q(r) = r**2 + r - 104. Let a be q(p). What is c(a)?
-4
Let b(d) = 4*d + 59. Suppose 5*c - 3*v = -18, 2 - 26 = -2*c - 4*v. Give b(c).
59
Suppose 5*f = 5*d - 20, 253*d - 248*d + 4*f = -7. Let z(n) = 52*n**2 - 3*n + 2. Determine z(d).
51
Let j(h) = 10*h + 202 - 53 - 68 - 41 + h. Determine j(-5).
-15
Let v = -19 - -2. Let q be (0 - -2)/(19 + v) - 0. Let u(c) = 6*c. Give u(q).
6
Let g(o) = -2*o. Suppose 3*r + 3*j = 8*r - 57, 0 = 2*r - 3*j - 21. Suppose 0 = 15*y - 17*y + r. Give g(y).
-12
Let r(n) be the third derivative of -n**5/30 + 13*n**4/24 - 7*n**3/6 - 26*n**2 + 1089. Suppose 4 + 16 = 4*t. What is r(t)?
8
Let t(n) = 7*n**2 - 4*n + 1. Let w(h) = 20*h**2 - 10*h + 3. Let x(i) = i - 28. Let r be x(11). Let s(c) = r*t(c) + 6*w(c). Determine s(-6).
-11
Let j(r) be the third derivative of 5*r**4/8 + 10*r**3 + 1715*r**2 + 1. Determine j(-4).
0
Let m(o) = 33*o - 89. Let g be m(4). Let s(n) = -n**3 - g - 8*n**2 + 2*n - 36 + 83. Determine s(-8).
-12
Let s(x) be the first derivative of x**2/2 - 1. Suppose 10*h = 588 + 7802. Let k = h + -838. What is s(k)?
1
Let f(b) = -b**2 - 4*b + 7. Suppose 6*m = -3*a + 2*m - 19, -3*m = 4*a + 37. Let w be 9 + 0 + (-2)/1. Let h = a + w. Calculate f(h).
-5
Suppose d - 15 = l - 11, 0 = 2*l + d + 11. Let a(x) be the third derivative of x**6/120 + x**5/15 - x**4/6 + 5*x**3/3 + 6*x**2. Give a(l).
5
Let a(k) be the third derivative of 7*k**4/24 - 7*k**3 + 327*k**2. Determine a(6).
0
Let f = 2 - -1. Suppose 2*r - 167 = -f*o - 528, 5*o + r = -604. Let z = o + 126. Let m(g) = -g**2 + 3*g + 6. Determine m(z).
-4
Suppose 3*m + 5*u = -1183, 406 = -3*m - 4*u - 778. Let i = -405 - m. Let r(b) = -b**2 - 8*b + 19. Calculate r(i).
10
Let v be ((-423)/(-18))/47*-68. Let l(f) = -f**3 - 33*f**2 + 32*f - 71. Give l(v).
-3
Suppose h - 2*k = -4*k - 8, 0 = 2*h + 2*k + 8. Suppose h = 5*c + 2 - 7. Let v(l) = l + 3*l + c + 0*l. Give v(3).
13
Let m(n) = -n**3 + 4*n**2 - 2*n + 9. Suppose 10*g - 32 = 5*g - 3*g. Give m(g).
1
Let d(t) = 6*t - 1. Suppose q - 14 - 12 = -4*a, 3*q - 36 = -5*a. Let y(i) = 5*i - 18. Let k be y(a). Let x be ((-2)/3)/((-8)/k). Give d(x).
5
Suppose 11*z - 204 = -98*z + 7*z. Let p(x) be the second derivative of -2*x**z + 10*x + 0 + 1/6*x**3. Calculate p(4).
0
Let a(s) be the third derivative of -11*s**4/6 - 1012*s**2. Give a(1).
-44
Let a = -9720 - -9728. Let d(g) = 3*g**2 - 13*g - 94. What is d(a)?
-6
Suppose -2*l = -4*n - 34, 0 = -5*l - 3*n + 45 + 14. Suppose -19 - 14 = -4*j - 5*y, -y - l = -2*j. Let b(m) = -m**2 + 4*m + 6. Calculate b(j).
-15
Let u = -207 + 190. Let m(b) = -20*b**3 - b**2 - b - 23. Let p(n) = -7*n**3 - 8. Let d(k) = u*p(k) + 6*m(k). What is d(-5)?
3
Let z = 33 - 31. Let m(v) be the second derivative of v**6/240 - 7*v**4/6 + 8*v. Let n(h) be the third derivative of m(h). What is n(z)?
6
Let t(s) = -s**3 - 15*s**2 - s - 7. Let y = 596 + -611. Determine t(y).
8
Let a = 40 + -40. Suppose a = 13*s - s - 48. Suppose 3*o - 10*h = -5*h - 2, -14 = s*o - h. Let n(v) = v**3 + 5*v**2 + 2*v - 2. Determine n(o).
6
Let h be (6/15)/(116/(-290)). Let x(j) be the first derivative of 8*j**3/3 + j**2 + j + 3. What is x(h)?
7
Suppose -t + 4 = -v, -57 = 8*v - 33. Let w(z) = -z - 22*z**3 - 1 + 0*z - z**2 + 2. What is w(t)?
-23
Let w(y) = y**3 - 10*y**2 + 5*y + 14. Suppose 3*i + 41 = 2*g, g - i + 59 = 76. Calculate w(g).
64
Let i be ((0 - 3) + 2)*-4 - 0. Let s(x) = i - 5*x + 4*x**2 - x**3 + 9 - 13. What is s(4)?
-20
Let p(r) be the first derivative of -84 + 1/2*r**2 + 2/3*r**3 + 2*r. Determine p(4).
38
Let v(w) = 7*w - 9 + 46*w**2 + w**3 - 50*w**2 + w**2 + 7*w**2 + 5*w**2. Give v(-6).
57
Suppose 2*o + 4*l = -4, -3*o - 1 = 4*l + l. Let f = -18 + 35. Let z(v) = -o + v + 3*v + f - 7. Calculate z(-3).
-10
Let n(y) = 26*y + 215. Let c(m) = 78*m + 622. Let q(x) = 6*c(x) - 17*n(x). Calculate q(-3).
-1
Let v be 4/8 + (-6)/4. Let l(f) = 439*f**2 - 7*f - 7. Let h(r) = 65*r**2 - r - 1. Let y(d) = -27*h(d) + 4*l(d). Calculate y(v).
1
Suppose 58*y - 4*y = 0. Let t(j) = j**2 - 2*j + 3. What is t(y)?
3
Let p(v) be the third derivative of v**6/120 - 3*v**5/5 - 5*v**4/3 + 19*v**3 + 15*v**2 - 178. What is p(37)?
3
Let q be (-3)/1*104/52. Let f(p) = -1. Suppose -7 - 1 = -4*g. Let l(k) = -k + 2. Let h(b) = g*f(b) + l(b). Calculate h(q).
6
Suppose 0*q - 24 = -2*q. Let x(l) = l**3 - l - l**2 + l - q. Let n(o) = o**3 - 89*o**2 + 649*o - 81. Let j be n(81). What is x(j)?
-12
Let k(j) = 1. Let s(g) = -g + 12. Suppose -5*f = 11 + 4. Let r be (f/(-2))/(15/10). Let l(z) = r*s(z) - 5*k(z). Calculate l(-6).
13
Let k(p) = -2*p. Let a(v) = 22*v + v**2 + 18*v + 19*v - 32 - 66*v. Let m be a(10). Determine k(m).
4
Let p(r) be the second derivative of -1/3*r**3 + 0 - 1/20*r**5 - 1/2*r**2 - 15*r - 1/4*r**4. Let n be 6*(-4 + 7/2). Determine p(n).
5
Let g(x) = 3*x + 2. Let u = 158 - 148. Suppose 0 = -2*m - 5*i - u, 2*m + 5 + 13 = -i. What is g(m)?
-28
Let x(n) = 2*n + 6. Let s be x(-4). Let y = 5 - s. Let p(t) = -7*t**3 - 7 + 8*t**2 + 9*t**3 - 5*t - 2*t - 3*t**3. Calculate p(y).
-7
Let r(q) = -q - 16. Let i = 271 + -268. Suppose z - 4 = 0, -i*z - 30 = 4*n + 14. Determine r(n).
-2
Let c(z) = 6*z + 30. Let i(a) = 1. Let m(y) = c(y) - 8*i(y). Let w be m(-4). Let f be ((w - 0)*2)/((-2)/1). Let q(s) = -2*s - 2. Calculate q(f).
-6
Let z(p) = 107 - 4*p + 107 - 406 + 102 + 100. Give z(2).
2
Suppose n + 2*g - 1 = 0, 5*n = -4*g + g + 19. Let k(h) = -14*h + 73. Let r be k(n). Let q(u) = -u**3 + 2*u**2 + 3*u - 2. What is q(r)?
-2
Suppose 23 = 2*b - 45. Let c = b - 31. Let l(o) = 5 + 4*o - 2 - o**2 + 2 - c. Calculate l(4).
2
Let r(c) be the second derivative of -2*c**2 - 1/6*c**3 + 6 - 3*c. Determine r(-4).
0
Let n = 573 + -573. Suppose 5*k - 2*h + 14 = n, 7*k + 11 = 5*k - h. Let b(t) = -5*t + 12*t + t**2 + 2 + 2. Give b(k).
-8
Suppose 3*n - 3*u + 27 = 0, 0 = -n - 5*u - 94 + 115. Suppose 3*i - 3*h - 15 = 0, -2*i - 2*h - 8 = 2*h. Let y(d) = 1 - 1 + i*d + 0. What is y(n)?
-8
Let h(v) = 8*v + 2 + 2 + 5 - 2*v - v**2. Suppose y + 27 = 3*x, 14*y - 36 = -4*x + 10*y. Give h(x).
-18
Let m(k) = -13*k - 141. Suppose 5*r + a = -65, -1353*a + 22 = -r - 1355*a. Determine m(r).
15
Let h(r) = r**3 - 13. Let q be 1 + (-1 - (-47 + 1)). Let u(p) = -p**3 + 12*p**2 - 26*p + 14. Let f be u(10). Let l = q + f. Determine h(l).
-13
Let j be -1 + 3 - (-10)/(120/(-84)). Let a(t) = -t**2 - 3*t + 8. Determine a(j).
-2
Let r(n) = -7*n**3 + 2*n**2 + n. Suppose -2*f - 10*f + 168 = 0. Suppose 0 = 3*s + 11*s + f. Give r(s).
8
Let l(d) be the first derivative of 2*d**3/3 - 6*d**2 - 25*d + 5087. Give l(8).
7
Let z(x) be the second derivative of x**4/12 + x**3/3 + 3*x**2/2 + 697*x. Determine z(-3).
6
Let v(w) be the third derivative of -1/12*w**5 + 0 - w**2 + 1/3*w**3 - 22*w - 1/12*w**4. Let k = -2 - 0. Determine v(k).
-14
Let c(i) = -12*i**3 + 6*i**2 + 2*i - 27. Let o(g) = -5*g**3 - 5*g**2 - g + 1. Let f(x) = c(x) - 2*o(x). Determine f(8).
3
Let u be (-1)/(-10)*42*15/27*3. Let v(m) = -m**3 + 7*m**2 + 20*m - 132. Determine v(u).
8
Let h(w) be the third derivative of 0 + 0*w - 1/24*w**4 - 197*w**2 - w**3. Give h(-2).
-4
Suppose 0*o - o + 3 = 0. Suppose o*m + 22 = p + 7, 33 = -5*m - p. Let n(w) be the first derivative of w**2/2 + 7*w + 1017. Determine n(m).
1
Let i(o) be the third derivative of o**5/60 - o**4/4 + 5*o**3/6 - 7*o**2 - 28. Give i(8).
21
Let f(s) = s**2 + 3*s - 3. Let j = 2527 - 652. Suppose 195 - j = 16*p. Let c = 101 + p. What is f(c)?
1
Let o be 1*(6 - 289/51). Let u(s) be the third derivative of 0 + 0*s + 10*s**2 + 1/6*s**3 + o*s**4. Determine u(2).
17
Let i = 15 - 8. Let p(v) = -258*v - 265*v - 258*v - 265*v + 9 - 264*v + 1313*v. Give p(i).
30
Let o(y) = -2*y**3 + 3*y**2 - y + 2. Let t(m) = 17*m + 2*m**2 - 4*m**2 + 5*m**2 - 2*m**2 - 20 - 38. Let n be t(-20). Give o(n).
-4
Let x(b) be the first derivative of b**4/4 - 17*b**3/3 + 15*b**2/2 + 6*b - 1539. Suppose 4*j + 5*u - 58 